{"id":714,"date":"2020-02-16T16:23:54","date_gmt":"2020-02-16T16:23:54","guid":{"rendered":"http:\/\/swinging-luebeck.de\/?page_id=714"},"modified":"2025-08-29T15:24:21","modified_gmt":"2025-08-29T13:24:21","slug":"links","status":"publish","type":"page","link":"https:\/\/swinging-luebeck.de\/?page_id=714","title":{"rendered":"Links"},"content":{"rendered":"\n<h3 class=\"wp-block-heading\"><strong>L\u00dcBECK<\/strong><\/h3>\n\n\n\n<p><strong>Swing-Tanzunterricht<\/strong><br><a aria-label=\" (\u00f6ffnet in neuem Tab)\" href=\"http:\/\/balboaklinik.de\" target=\"_blank\" rel=\"noreferrer noopener\">Balboaklinik<\/a> | <a href=\"http:\/\/www.swingspirit.de\/\" target=\"_blank\" rel=\"noreferrer noopener\">Swing Spirit<\/a> | <a href=\"https:\/\/www.tanz-luebeck.de\/\" target=\"_blank\" rel=\"noreferrer noopener\">Fr\u00e4ulein Doreen<\/a><\/p>\n\n\n\n<p><strong>Internationaler Lindy Hop Workshops <\/strong><br><a aria-label=\"Swinging Marzipan (\u00f6ffnet in neuem Tab)\" href=\"https:\/\/www.swingingmarzipan.de\/\" target=\"_blank\" rel=\"noreferrer noopener\">Swinging Marzipan<\/a> <br>31.10.-2.11.2025<\/p>\n\n\n\n<p><strong>Shopping Tipps<\/strong><br><a rel=\"noreferrer noopener\" aria-label=\"Vintage Vogue - Retro Boutique (\u00f6ffnet in neuem Tab)\" href=\"https:\/\/www.vintage-vogue.de\/\" target=\"_blank\">Vintage Vogue &#8211; Retro Boutique<\/a> <br>H\u00fcxstra\u00dfe 77, 23552 L\u00fcbeck <br><br><a rel=\"noreferrer noopener\" aria-label=\"My Hats - Hutgesch\u00e4ft (\u00f6ffnet in neuem Tab)\" href=\"http:\/\/www.my-hats.de\/\" target=\"_blank\">My Hats &#8211; Hutgesch\u00e4ft<\/a><br>H\u00fcxstra\u00dfe 41 und 47, 23552 L\u00fcbeck<br><br><strong>Schuhe besohlen lassen mit Chromledersohlen<\/strong><br>Piep Werner Schuhmacherei<br>Antonistr. 9,  23564&nbsp;L\u00fcbeck-St. J\u00fcrgen <\/p>\n\n\n\n<h3 class=\"wp-block-heading\"><strong>KIEL<\/strong><\/h3>\n\n\n\n<p><a rel=\"noreferrer noopener\" href=\"https:\/\/www.swinginkiel.de\/kalender\/\" target=\"_blank\">Swing in Kiel<\/a><br>-&gt; Veranstaltungs-\/Terminkalender<\/p>\n\n\n\n<h3 class=\"wp-block-heading\"><strong>HAMBURG<\/strong><\/h3>\n\n\n\n<p><a rel=\"noreferrer noopener\" href=\"https:\/\/www.newswinggeneration.de\/kalender-tanzgelegenheiten\/\" target=\"_blank\">New Swing Generation<\/a><br>-&gt; Kalender-Tanzgelegenheiten<\/p>\n\n\n\n<p><a rel=\"noreferrer noopener\" href=\"https:\/\/swingwerkstatt.de\/events\/\" target=\"_blank\">Swingwerkstatt<\/a><br>-&gt; Anmeldung zum Newsletter der Swingwerkstatt HH<\/p>\n\n\n\n<p><a rel=\"noreferrer noopener\" aria-label=\"Bloody Hot Swing (\u00f6ffnet in neuem Tab)\" href=\"https:\/\/bloodyhotswing.com\/\" target=\"_blank\">Bloody Hot Swing<\/a><br>-&gt; Balboa in Hamburg<\/p>\n\n\n\n<h3 class=\"wp-block-heading\"><strong>ROSTOCK<\/strong><\/h3>\n\n\n\n<p><a href=\"https:\/\/www.swing-connection-rostock.de\/category\/partys\/\" target=\"_blank\" rel=\"noreferrer noopener\">Swing Connection Rostock<\/a><br>-&gt; Party\u00fcbersicht<\/p>\n\n\n\n<h3 class=\"wp-block-heading\"><strong>INTERESSANTES<\/strong><\/h3>\n\n\n\n<p><strong>Swingtanzfestivals weltweit<\/strong><br><a rel=\"noreferrer noopener\" href=\"http:\/\/www.swingplanit.com\" target=\"_blank\">Swing Planit<\/a><br><a href=\"https:\/\/lindy.plus\/\">Lindy Plus<\/a><\/p>\n\n\n\n<p><strong>Geschichte des Lindy Hop<\/strong> <br><a href=\"https:\/\/thelindycorner.com\/praktisches\/lindy-hop\/\" target=\"_blank\" rel=\"noreferrer noopener\">https:\/\/thelindycorner.com\/praktisches\/lindy-hop\/<\/a><\/p>\n\n\n\n<p><a rel=\"noreferrer noopener\" aria-label=\"Frankie Manning Foundation (\u00f6ffnet in neuem Tab)\" href=\"https:\/\/www.frankiemanningfoundation.org\/\" target=\"_blank\"><strong>Frankie Manning Foundation<\/strong><\/a><\/p>\n\n\n\n<p><\/p>\n","protected":false},"excerpt":{"rendered":"<p>L\u00dcBECK Swing-TanzunterrichtBalboaklinik | Swing Spirit | Fr\u00e4ulein Doreen Internationaler Lindy Hop Workshops Swinging Marzipan 31.10.-2.11.2025 Shopping TippsVintage Vogue &#8211; Retro Boutique H\u00fcxstra\u00dfe 77, 23552 L\u00fcbeck My Hats &#8211; Hutgesch\u00e4ftH\u00fcxstra\u00dfe 41 und 47, 23552 L\u00fcbeck Schuhe besohlen lassen mit ChromledersohlenPiep Werner SchuhmachereiAntonistr. 9, 23564&nbsp;L\u00fcbeck-St. J\u00fcrgen KIEL Swing in Kiel-&gt; Veranstaltungs-\/Terminkalender HAMBURG New Swing Generation-&gt; Kalender-Tanzgelegenheiten Swingwerkstatt-&gt; &hellip; <\/p>\n<p class=\"link-more\"><a href=\"https:\/\/swinging-luebeck.de\/?page_id=714\" class=\"more-link\"><span class=\"screen-reader-text\">\u201eLinks\u201c<\/span> weiterlesen<\/a><\/p>\n","protected":false},"author":1,"featured_media":0,"parent":0,"menu_order":0,"comment_status":"closed","ping_status":"closed","template":"","meta":{"footnotes":""},"_links":{"self":[{"href":"https:\/\/swinging-luebeck.de\/index.php?rest_route=\/wp\/v2\/pages\/714"}],"collection":[{"href":"https:\/\/swinging-luebeck.de\/index.php?rest_route=\/wp\/v2\/pages"}],"about":[{"href":"https:\/\/swinging-luebeck.de\/index.php?rest_route=\/wp\/v2\/types\/page"}],"author":[{"embeddable":true,"href":"https:\/\/swinging-luebeck.de\/index.php?rest_route=\/wp\/v2\/users\/1"}],"replies":[{"embeddable":true,"href":"https:\/\/swinging-luebeck.de\/index.php?rest_route=%2Fwp%2Fv2%2Fcomments&post=714"}],"version-history":[{"count":49,"href":"https:\/\/swinging-luebeck.de\/index.php?rest_route=\/wp\/v2\/pages\/714\/revisions"}],"predecessor-version":[{"id":1784,"href":"https:\/\/swinging-luebeck.de\/index.php?rest_route=\/wp\/v2\/pages\/714\/revisions\/1784"}],"wp:attachment":[{"href":"https:\/\/swinging-luebeck.de\/index.php?rest_route=%2Fwp%2Fv2%2Fmedia&parent=714"}],"curies":[{"name":"wp","href":"https:\/\/api.w.org\/{rel}","templated":true}]}}